 of 5210365764?
2, 3, 53, 443, 18493
List the prime factors of 1174548963.
3, 7, 1141447
List the prime factors of 3670344.
2, 3, 19, 2683
List the prime factors of 45453365.
5, 43, 163, 1297
List the prime factors of 78753061.
17, 953, 4861
List the prime factors of 2232812731.
313, 7133587
List the prime factors of 28943822.
2, 47, 367, 839
List the prime factors of 532681509.
3, 177560503
What are the prime factors of 330974415?
3, 5, 1153, 6379
What are the prime factors of 708431404?
2, 177107851
What are the prime factors of 101260295?
5, 1949, 10391
What are the prime factors of 151896972?
2, 3, 17, 83, 8971
List the prime factors of 20593606.
2, 11, 19, 2593
List the prime factors of 54016710.
2, 3, 5, 11, 191, 857
What are the prime factors of 59750260?
2, 5, 499, 5987
List the prime factors of 2724231074.
2, 1362115537
What are the prime factors of 37984285?
5, 7596857
List the prime factors of 501158899.
251, 1996649
List the prime factors of 2519329425.
3, 5, 33591059
What are the prime factors of 602006681?
5651, 106531
What are the prime factors of 8342455?
5, 11, 151681
What are the prime factors of 282134946?
2, 3, 109, 431399
What are the prime factors of 116240036?
2, 11, 467, 5657
What are the prime factors of 37040401?
2423, 15287
List the prime factors of 393527232.
2, 3, 7, 73, 191
List the prime factors of 955588643.
557, 1715599
List the prime factors of 8573661.
3, 17, 18679
What are the prime factors of 1679072069?
1679072069
List the prime factors of 1019644028.
2, 13, 3943, 4973
List the prime factors of 7360575.
3, 5, 17, 23, 251
What are the prime factors of 2304657107?
2304657107
List the prime factors of 82065340.
2, 5, 7, 419, 1399
List the prime factors of 604947524.
2, 151236881
What are the prime factors of 115798303?
8689, 13327
What are the prime factors of 21893791?
67, 326773
What are the prime factors of 79093227?
3, 26364409
List the prime factors of 1500019236.
2, 3, 163, 28403
List the prime factors of 60093571.
60093571
List the prime factors of 146967474.
2, 3, 4861, 5039
What are the prime factors of 119656362?
2, 3, 7, 283, 10067
What are the prime factors of 3177535007?
2971, 1069517
What are the prime factors of 11870408?
2, 11, 43, 3137
List the prime factors of 8575037084.
2, 33967, 63113
What are the prime factors of 63152960?
2, 5, 13, 17, 19, 47
What are the prime factors of 25176896?
2, 61, 6449
List the prime factors of 64297730.
2, 5, 7, 918539
What are the prime factors of 616621413?
3, 205540471
List the prime factors of 56604763.
56604763
List the prime factors of 2364111705.
3, 5, 157607447
List the prime factors of 758157998.
2, 13, 73, 30727
List the prime factors of 35699841.
3, 19, 23, 29, 313
List the prime factors of 319532922.
2, 3, 139, 127711
List the prime factors of 66195805.
5, 13, 383, 2659
What are the prime factors of 21304530?
2, 3, 5, 13, 131, 139
What are the prime factors of 2394650655?
3, 5, 19, 307, 3041
What are the prime factors of 1850775594?
2, 3, 37, 547, 15241
What are the prime factors of 3082742677?
7, 440391811
What are the prime factors of 374481476?
2, 191, 490159
List the prime factors of 1233851076.
2, 3, 271, 42157
What are the prime factors of 659271781?
7, 17, 5540099
What are the prime factors of 4927507860?
2, 3, 5, 11, 379, 19699
What are the prime factors of 150757829?
150757829
List the prime factors of 594882700.
2, 5, 17, 349931
List the prime factors of 4580583509.
41, 439, 254491
List the prime factors of 32641663.
67, 131, 3719
List the prime factors of 2410090320.
2, 3, 5, 11, 773, 1181
List the prime factors of 318397863.
3, 7, 15161803
What are the prime factors of 45589425?
3, 5, 7, 86837
List the prime factors of 570092424.
2, 3, 11, 439, 4919
List the prime factors of 1295650798.
2, 13, 49832723
List the prime factors of 63578245.
5, 12715649
What are the prime factors of 1146131496?
2, 3, 15918493
List the prime factors of 104463746.
2, 23, 98737
What are the prime factors of 870212176?
2, 23, 37, 79, 809
What are the prime factors of 5119869863?
43, 119066741
List the prime factors of 741278.
2, 281, 1319
List the prime factors of 5255512582.
2, 103, 25512197
What are the prime factors of 374266028?
2, 19, 23, 59, 191
What are the prime factors of 267677103?
3, 89225701
List the prime factors of 890607077.
347, 2566591
What are the prime factors of 845410230?
2, 3, 5, 7, 63901
What are the prime factors of 1608311074?
2, 193, 283, 14723
List the prime factors of 1218022362.
2, 3, 23, 53, 55511
What are the prime factors of 390122249?
11, 1979, 17921
List the prime factors of 688618835.
5, 137723767
List the prime factors of 2224958031.
3, 109, 241, 3137
What are the prime factors of 207623695?
5, 163, 254753
List the prime factors of 327833054.
2, 137, 1196471
List the prime factors of 1289156026.
2, 23, 137, 204563
List the prime factors of 139217737.
139217737
What are the prime factors of 2114206684?
2, 19, 27818509
What are the prime factors of 147622582?
2, 47, 1570453
List the prime factors of 3650673.
3, 13, 93607
List the prime factors of 32976381.
3, 19, 578533
List the prime factors of 285834904.
2, 29, 947, 1301
What are the prime factors of 1209374782?
2, 7, 11, 139, 1153
What are the prime factors of 115090364?
2, 4217, 6823
List the prime factors of 180295242.
2, 3, 30049207
List the prime factors of 535964218.
2, 41, 47, 139067
List the prime factors of 27634551.
3, 7, 1315931
List the prime factors of 2741898.
2, 3, 149, 3067
What are the prime factors of 216503792?
2, 29, 466603
List the prime factors of 1281219680.
2, 5, 13, 615971
List the prime factors of 1627537793.
7, 337, 98561
List the prime factors of 2160874950.
2, 3, 5, 13, 653, 1697
What are the prime factors of 76788492?
2, 3, 11, 581731
List the prime factors of 75697554.
2, 3, 23, 548533
List the prime factors of 578448015.
3, 5, 641, 60161
List the prime factors of 1794556119.
3, 598185373
List the prime factors of 567456388.
2, 4217, 33641
What are the prime factors of 70273950?
2, 3, 5, 468493
List the prime factors of 86421909.
3, 7, 1187, 3467
List the prime factors of 35225603.
7, 113, 44533
List the prime factors of 17675899.
37, 477727
What are the prime factors of 1518082364?
2, 17807, 21313
List the prime factors of 274967751.
3, 6679, 13723
What are the prime factors of 9918635?
5, 23, 86249
List the prime factors of 806669038.
2, 7, 57619217
List the prime factors of 29493102.
2, 3, 193, 25469
List the prime factors of 5556112133.
11, 13, 5209, 7459
List the prime factors of 2913532.
2, 728383
What are the prime factors of 68677238?
2, 7, 977, 5021
What are the prime factors of 39608556?
2, 3, 13, 253901
List the prime factors of 57516420.
2, 3, 5, 13, 19, 3881
List the prime factors of 169345973.
419, 404167
List the prime factors of 57982841.
7, 8283263
List the prime factors of 2523616556.
2, 19, 33205481
List the prime factors of 230856575.
5, 9234263
List the prime factors of 1000053529.
1000053529
What are the prime factors of 237017551?
29, 8173019
List the prime factors of 2367635526.
2, 3, 17, 521, 14851
List the prime factors of 71119120.
2, 5, 888989
What are the prime factors of 1084024263?
3, 7, 29, 1780007
List the prime factors of 550725027.
3, 359, 511351
List the prime factors of 113344681.
5393, 21017
List the prime factors of 62664756.
2, 3, 7, 11, 67819
List the prime factors of 220215199.
59, 3732461
What are the prime factors of 2950531685?
5, 101, 467, 12511
List the prime factors of 875818214.
2, 379, 719, 1607
List the prime factors of 1204293481.
17, 6263, 11311
List the prime factors of 1568770854.
2, 3, 7, 977, 38231
What are the prime factors of 293339819?
109, 2691191
List the prime factors of 324729698.
2, 83, 1956203
What are the prime factors of 51302672?
2, 3206417
What are the prime factors of 14022798?
2, 3, 19, 123007
List the prime factors of 40084819.
103, 389173
What are the prime factors of 2888397631?
7, 17, 149, 162901
List the prime factors of 173714026.
2, 181, 311, 1543
List the prime factors of 136052104.
2, 41, 414793
What are the prime factors of 574262480?
2, 5, 11, 547, 1193
List the prime factors of 4244547242.
2, 13, 29, 227, 24799
What are the prime factors of 23977743?
3, 41, 1